5
Calculate the highest common factor of 76860773 and 4961.
4961
Calculate the greatest common factor of 504 and 3142692.
252
Calculate the highest common divisor of 107436 and 3204.
12
What is the greatest common divisor of 1649120 and 154880?
1760
What is the greatest common factor of 24622245 and 270?
135
Calculate the greatest common divisor of 124871082 and 420.
42
Calculate the greatest common factor of 645860 and 76540.
860
Calculate the greatest common divisor of 13136 and 1818544.
16
What is the greatest common divisor of 6957 and 45919292?
773
What is the highest common divisor of 11692 and 420754?
158
What is the greatest common factor of 1694 and 28360706?
242
Calculate the greatest common divisor of 32872 and 63931931.
4109
What is the greatest common factor of 33306 and 6342546?
42
Calculate the greatest common factor of 4082 and 292707974.
4082
What is the highest common divisor of 820 and 71456686?
82
Calculate the greatest common divisor of 16146 and 2507.
23
What is the highest common factor of 133966 and 19250094?
2734
Calculate the greatest common divisor of 1433066 and 4998442.
3842
Calculate the greatest common factor of 39296 and 20308664.
2456
What is the greatest common divisor of 2202655 and 796180?
1645
What is the greatest common factor of 1311 and 4520029?
23
What is the greatest common factor of 85 and 34243460?
5
Calculate the greatest common factor of 945 and 183567825.
315
Calculate the highest common divisor of 5 and 17094565.
5
Calculate the highest common divisor of 3982 and 47433584.
3982
Calculate the greatest common factor of 516 and 28719184.
172
Calculate the greatest common divisor of 60507045 and 45.
45
What is the greatest common divisor of 6152949 and 297?
297
What is the greatest common divisor of 379880 and 12160?
40
What is the greatest common divisor of 255 and 54894360?
255
What is the greatest common divisor of 66661 and 1985056?
89
What is the greatest common divisor of 3708427052 and 332?
332
What is the greatest common divisor of 2539914 and 507?
39
Calculate the highest common divisor of 37145904 and 55480.
584
What is the greatest common divisor of 27009262 and 3?
1
What is the greatest common factor of 2868232 and 70281?
137
What is the highest common factor of 124 and 37416628?
124
What is the greatest common factor of 57065 and 23?
1
Calculate the highest common factor of 74813 and 158.
79
Calculate the highest common factor of 1392 and 407703228.
348
Calculate the greatest common factor of 10999016 and 1062.
118
What is the highest common factor of 296032 and 39952?
176
What is the greatest common factor of 1347268 and 481?
13
What is the highest common factor of 40680541 and 1257201?
15521
What is the highest common factor of 407726 and 666326?
862
Calculate the greatest common factor of 382 and 17187326.
382
What is the highest common factor of 443157 and 1320?
33
Calculate the highest common divisor of 15962590 and 9485.
35
What is the highest common divisor of 344 and 30624084?
172
What is the highest common factor of 30 and 80681635?
5
What is the highest common factor of 241277419 and 116?
29
Calculate the greatest common divisor of 4996190 and 50.
10
Calculate the highest common factor of 256947582 and 1242.
138
Calculate the greatest common factor of 294804041 and 9016.
1127
Calculate the highest common divisor of 4007220 and 234320.
580
What is the highest common divisor of 138 and 16654783?
23
What is the highest common factor of 1802 and 255881297?
901
Calculate the greatest common factor of 13728283 and 5146.
83
What is the highest common factor of 474868730 and 518?
518
What is the highest common divisor of 1005 and 4063020?
15
Calculate the greatest common divisor of 4015 and 12228887.
803
What is the greatest common factor of 599272 and 149472?
1384
Calculate the greatest common factor of 1474 and 16444346.
134
What is the highest common divisor of 232 and 106834260?
116
Calculate the highest common factor of 9232841 and 13015.
2603
Calculate the greatest common divisor of 89 and 2856811.
89
What is the highest common divisor of 742970 and 155?
5
What is the highest common factor of 1224 and 35037000?
1224
What is the greatest common divisor of 15858 and 267876?
18
Calculate the greatest common divisor of 339701 and 435727.
361
Calculate the greatest common factor of 3224 and 518349.
13
What is the highest common divisor of 823042 and 484?
242
What is the highest common divisor of 7948233 and 522?
261
Calculate the highest common factor of 20362412 and 92876.
868
What is the highest common divisor of 7300 and 403016940?
1460
Calculate the highest common divisor of 100 and 3345772.
4
What is the highest common divisor of 1772952 and 40052?
124
Calculate the highest common factor of 746844 and 1890.
42
Calculate the greatest common divisor of 41345 and 3805.
5
Calculate the highest common divisor of 871683 and 16539.
111
Calculate the greatest common factor of 40068703 and 173.
173
Calculate the highest common divisor of 56593 and 31518.
17
What is the greatest common factor of 176160 and 65490?
30
What is the greatest common factor of 116422 and 48?
2
What is the highest common factor of 9291 and 7344943?
163
Calculate the greatest common divisor of 50941 and 451733.
421
What is the highest common divisor of 10887 and 45184679?
3629
Calculate the greatest common divisor of 28710 and 18301320.
2610
What is the highest common factor of 7919640 and 1080?
1080
What is the highest common factor of 272954 and 1215126?
418
What is the highest common factor of 8830 and 135362134?
1766
Calculate the greatest common divisor of 10414423 and 1058.
529
Calculate the highest common factor of 8 and 2571020.
4
Calculate the greatest common factor of 117732 and 63564.
12
What is the greatest common divisor of 20848091 and 11963?
1709
Calculate the greatest common divisor of 27 and 585886599.
9
What is the highest common divisor of 191784 and 32757?
183
Calculate the greatest common factor of 416 and 837011552.
416
Calculate the highest common divisor of 136 and 41049016.
136
What is the greatest common divisor of 15 and 10577460?
15
What is the greatest common divisor of 169533 and 10764?
2691
What is the highest common factor of 44357170 and 195?
65
Calculate the highest common divisor of 649213570 and 4936.
1234
Calculate the highest common factor of 1394698 and 260762.
1082
Calculate the greatest common divisor of 60 and 48893868.
12
Calculate the greatest common divisor of 106352 and 1277788.
1564
Calculate the greatest common divisor of 915 and 276645.
15
Calculate the highest common divisor of 16050962 and 20314.
2902
What is the highest common factor of 79948 and 16587472?
3476
Calculate the highest common factor of 71648 and 4256.
32
What is the highest common divisor of 361610698 and 491?
491
Calculate the greatest common factor of 7749984 and 11451.
33
Calculate the highest common factor of 1323039 and 157.
157
What is the highest common factor of 81602238 and 20?
2
What is the highest common divisor of 4779101 and 100533?
1081
Calculate the greatest common divisor of 81281200 and 13.
13
Calculate the greatest common factor of 1168 and 236531242.
146
What is the highest common factor of 61268211 and 4635?
927
What is the highest common factor of 3537325 and 190?
95
What is the highest common factor of 15754302 and 126?
18
What is the greatest common divisor of 419265 and 2665993?
1331
Calculate the greatest common divisor of 2020 and 211025865.
505
Calculate the greatest common factor of 504925860 and 180.
60
Calculate the greatest common factor of 296543613 and 93.
93
What is the highest common divisor of 184 and 932525064?
184
What is the highest common divisor of 140 and 33441860?
20
What is the greatest common divisor of 18707 and 301587?
13
What is the greatest common factor of 6746395 and 740?
185
What is the highest common factor of 44131649 and 145?
29
Calculate the highest common factor of 1434 and 19495708.
478
What is the greatest common divisor of 3048441 and 83127?
33
What is the greatest common divisor of 18 and 88597938?
6
Calculate the highest common divisor of 899044 and 6364.
172
What is the greatest common divisor of 289303466 and 596?
298
What is the gr